083
List the prime factors of 867681.
3, 229, 421
List the prime factors of 488996.
2, 43, 2843
What are the prime factors of 397267?
13, 30559
List the prime factors of 8275481.
17, 31, 41, 383
What are the prime factors of 209316?
2, 3, 17443
What are the prime factors of 861979?
861979
What are the prime factors of 17847272?
2, 1181, 1889
List the prime factors of 96584.
2, 12073
List the prime factors of 367209.
3, 40801
What are the prime factors of 142651?
29, 4919
List the prime factors of 7540905.
3, 5, 31, 16217
What are the prime factors of 1779907?
227, 7841
What are the prime factors of 1791662?
2, 19, 47149
What are the prime factors of 810576?
2, 3, 13, 433
List the prime factors of 5243679.
3, 7, 83233
List the prime factors of 4499591.
4499591
What are the prime factors of 7447080?
2, 3, 5, 229, 271
What are the prime factors of 886537?
886537
What are the prime factors of 24332551?
23, 31, 34127
List the prime factors of 6285865.
5, 19, 127, 521
What are the prime factors of 1499805?
3, 5, 33329
List the prime factors of 10001890.
2, 5, 263, 3803
List the prime factors of 267279.
3, 41, 53
List the prime factors of 358218.
2, 3, 7, 2843
What are the prime factors of 568918?
2, 7, 40637
What are the prime factors of 1178664?
2, 3, 67, 733
What are the prime factors of 8631766?
2, 11, 13, 30181
What are the prime factors of 1791765?
3, 5, 29, 1373
List the prime factors of 33924.
2, 3, 11, 257
What are the prime factors of 8162298?
2, 3, 453461
List the prime factors of 1307637.
3, 19, 2549
What are the prime factors of 1444524?
2, 3, 17, 73, 97
What are the prime factors of 16515831?
3, 1063, 5179
What are the prime factors of 9404903?
29, 53, 211
What are the prime factors of 1319108?
2, 7, 47111
List the prime factors of 303682.
2, 151841
What are the prime factors of 622657?
7, 88951
What are the prime factors of 865582?
2, 23, 31, 607
What are the prime factors of 26226072?
2, 3, 23, 5279
List the prime factors of 406552.
2, 89, 571
List the prime factors of 3953734.
2, 47, 42061
What are the prime factors of 435653?
435653
What are the prime factors of 2896699?
13, 222823
What are the prime factors of 3648940?
2, 5, 37, 4931
What are the prime factors of 168905?
5, 11, 37, 83
List the prime factors of 2413551.
3, 7, 19, 23, 263
List the prime factors of 224672.
2, 7, 17, 59
What are the prime factors of 10429142?
2, 5214571
List the prime factors of 752261.
23, 32707
List the prime factors of 3739887.
3, 415543
List the prime factors of 17398814.
2, 857, 10151
What are the prime factors of 98207?
98207
List the prime factors of 10113243.
3, 7, 439, 1097
List the prime factors of 106480.
2, 5, 11
What are the prime factors of 258496?
2, 7, 577
List the prime factors of 4699558.
2, 2349779
List the prime factors of 159832.
2, 19979
What are the prime factors of 407583?
3, 11, 23, 179
List the prime factors of 12194959.
7, 719, 2423
What are the prime factors of 3141679?
71, 44249
List the prime factors of 2758856.
2, 344857
What are the prime factors of 4175581?
23, 71, 2557
What are the prime factors of 1020766?
2, 510383
What are the prime factors of 197120?
2, 5, 7, 11
List the prime factors of 342668.
2, 85667
What are the prime factors of 1200571?
29, 41399
List the prime factors of 127694.
2, 7, 1303
What are the prime factors of 2033981?
53, 38377
List the prime factors of 76997.
37, 2081
List the prime factors of 59805.
3, 5, 443
List the prime factors of 522740.
2, 5, 59, 443
What are the prime factors of 175151?
17, 10303
List the prime factors of 4007765.
5, 19, 42187
What are the prime factors of 1634683?
1634683
What are the prime factors of 582639?
3, 29, 37, 181
List the prime factors of 13470799.
137, 98327
List the prime factors of 1462188.
2, 3, 7, 13, 103
What are the prime factors of 3454239?
3, 1151413
List the prime factors of 6119825.
5, 61, 4013
What are the prime factors of 5082114?
2, 3, 41, 73, 283
What are the prime factors of 2773292?
2, 693323
List the prime factors of 1283215.
5, 256643
List the prime factors of 3732376.
2, 466547
List the prime factors of 350407.
29, 43, 281
What are the prime factors of 1500316?
2, 19, 1039
What are the prime factors of 491422?
2, 245711
List the prime factors of 186105.
3, 5, 19, 653
What are the prime factors of 740340?
2, 3, 5, 457
What are the prime factors of 539955?
3, 5, 13, 71
What are the prime factors of 206130?
2, 3, 5, 6871
List the prime factors of 6945386.
2, 7, 283, 1753
List the prime factors of 292826.
2, 31, 4723
List the prime factors of 597561.
3, 139, 1433
List the prime factors of 7318448.
2, 457403
List the prime factors of 2360553.
3, 13, 60527
List the prime factors of 712911.
3, 71, 3347
List the prime factors of 443025.
3, 5, 11, 179
List the prime factors of 704797.
704797
List the prime factors of 5801665.
5, 409, 2837
List the prime factors of 785138.
2, 392569
What are the prime factors of 8922?
2, 3, 1487
List the prime factors of 1214023.
1214023
List the prime factors of 1272361.
1272361
What are the prime factors of 8851595?
5, 1181, 1499
List the prime factors of 658968.
2, 3, 27457
List the prime factors of 15251601.
3, 17, 97, 3083
What are the prime factors of 1578882?
2, 3, 359, 733
List the prime factors of 382042.
2, 191021
List the prime factors of 11153636.
2, 13, 191, 1123
List the prime factors of 1561095.
3, 5, 113, 307
What are the prime factors of 3355726?
2, 11, 152533
What are the prime factors of 164074?
2, 82037
List the prime factors of 539727.
3, 179909
What are the prime factors of 8607052?
2, 43, 163, 307
List the prime factors of 639688.
2, 7, 11423
List the prime factors of 11502229.
11502229
List the prime factors of 7087946.
2, 17, 208469
List the prime factors of 3704045.
5, 17, 43577
List the prime factors of 15925392.
2, 3, 7, 37, 61
What are the prime factors of 19334698?
2, 41, 235789
What are the prime factors of 169730?
2, 5, 11, 1543
What are the prime factors of 16592704?
2, 107, 2423
List the prime factors of 406255.
5, 31, 2621
List the prime factors of 112921.
112921
List the prime factors of 8499.
3, 2833
What are the prime factors of 758221?
421, 1801
List the prime factors of 27757696.
2, 37, 5861
What are the prime factors of 7771347?
3, 43, 467
What are the prime factors of 557040?
2, 3, 5, 11, 211
What are the prime factors of 304345?
5, 60869
What are the prime factors of 102365?
5, 59, 347
List the prime factors of 13557666.
2, 3, 631, 3581
What are the prime factors of 216098?
2, 167, 647
List the prime factors of 714481.
714481
List the prime factors of 589915.
5, 127, 929
List the prime factors of 3289072.
2, 199, 1033
List the prime factors of 196322.
2, 7, 37, 379
List the prime factors of 2519247.
3, 17, 47, 1051
List the prime factors of 35033356.
2, 8758339
What are the prime factors of 117000?
2, 3, 5, 13
What are the prime factors of 220113?
3, 37, 661
What are the prime factors of 166834?
2, 83417
What are the prime factors of 13522074?
2, 3, 67, 33637
What are the prime factors of 1666654?
2, 11, 71, 97
What are the prime factors of 613461?
3, 204487
List the prime factors of 6576881.
29, 226789
What are the prime factors of 7765440?
2, 3, 5, 8089
List the prime factors of 18084243.
3, 17, 61, 5813
What are the prime factors of 591150?
2, 3, 5, 7, 563
What are the prime factors of 7586895?
3, 5, 23, 21991
List the prime factors of 250762.
2, 19, 6599
List the prime factors of 9226784.
2, 7, 17, 2423
List the prime factors of 127209.
3, 42403
What are the prime factors of 393744?
2, 3, 13, 631
What are the prime factors of 2254410?
2, 3, 5, 37, 677
List the prime factors of 2068888.
2, 258611
What are the prime factors of 38420?
2, 5, 17, 113
List the prime factors of 21961802.
2, 571, 19231
List the prime factors of 2153905.
5, 13, 2549
List the prime factors of 34351689.
3, 29, 31, 47, 271
List the prime factors of 199630.
2, 5, 19963
List the prime factors of 6406667.
19, 17747
List the prime factors of 2003361.
3, 79, 107
List the prime factors of 566463.
3, 31, 6091
List the prime factors of 1027983.
3, 11, 31151
What are the prime factors of 25985858?
2, 71, 182999
What are the prime factors of 3848348?
2, 7, 167, 823
What are the prime factors of 72363?
3, 